{"id":10344,"date":"2024-07-01T08:56:01","date_gmt":"2024-07-01T11:56:01","guid":{"rendered":"https:\/\/www.automacao10.com.br\/blog\/?page_id=10344"},"modified":"2024-07-01T08:58:14","modified_gmt":"2024-07-01T11:58:14","slug":"totens-para-ipad-e-tablet","status":"publish","type":"page","link":"https:\/\/www.automacao10.com.br\/blog\/totens-para-ipad-e-tablet\/","title":{"rendered":"Totens para iPad e Tablet"},"content":{"rendered":"\t\t<div data-elementor-type=\"wp-page\" data-elementor-id=\"10344\" class=\"elementor elementor-10344\" data-elementor-post-type=\"page\">\n\t\t\t\t<div class=\"elementor-element elementor-element-7bb8147a e-flex e-con-boxed e-con e-parent\" data-id=\"7bb8147a\" data-element_type=\"container\" data-e-type=\"container\">\n\t\t\t\t\t<div class=\"e-con-inner\">\n\t\t<div class=\"elementor-element elementor-element-73eebf1a e-con-full e-flex e-con e-child\" data-id=\"73eebf1a\" data-element_type=\"container\" data-e-type=\"container\">\n\t\t\t\t<div class=\"elementor-element elementor-element-92ca1a2 elementor-widget elementor-widget-image\" data-id=\"92ca1a2\" data-element_type=\"widget\" data-e-type=\"widget\" data-widget_type=\"image.default\">\n\t\t\t\t<div class=\"elementor-widget-container\">\n\t\t\t\t\t\t\t\t\t\t\t\t\t\t\t<img fetchpriority=\"high\" decoding=\"async\" width=\"800\" height=\"450\" src=\"https:\/\/www.automacao10.com.br\/blog\/wp-content\/uploads\/2021\/10\/totem-para-tablet-mesa-A7-lite-1024x576.jpg\" class=\"attachment-large size-large wp-image-5167\" alt=\"\" srcset=\"https:\/\/www.automacao10.com.br\/blog\/wp-content\/uploads\/2021\/10\/totem-para-tablet-mesa-A7-lite-1024x576.jpg 1024w, https:\/\/www.automacao10.com.br\/blog\/wp-content\/uploads\/2021\/10\/totem-para-tablet-mesa-A7-lite-300x169.jpg 300w, https:\/\/www.automacao10.com.br\/blog\/wp-content\/uploads\/2021\/10\/totem-para-tablet-mesa-A7-lite-768x432.jpg 768w, https:\/\/www.automacao10.com.br\/blog\/wp-content\/uploads\/2021\/10\/totem-para-tablet-mesa-A7-lite-600x337.jpg 600w, https:\/\/www.automacao10.com.br\/blog\/wp-content\/uploads\/2021\/10\/totem-para-tablet-mesa-A7-lite.jpg 1366w\" sizes=\"(max-width: 800px) 100vw, 800px\" \/>\t\t\t\t\t\t\t\t\t\t\t\t\t\t\t<\/div>\n\t\t\t\t<\/div>\n\t\t\t\t<div class=\"elementor-element elementor-element-2282746e elementor-widget__width-initial elementor-widget elementor-widget-text-editor\" data-id=\"2282746e\" data-element_type=\"widget\" data-e-type=\"widget\" data-widget_type=\"text-editor.default\">\n\t\t\t\t<div class=\"elementor-widget-container\">\n\t\t\t\t\t\t\t\t\tTotem de mesa\u00a0 em acr\u00edlico refor\u00e7ado para iPads e Tables; Hoje usado nas mais variadas aplica\u00e7\u00f5es.<br><br>Deixe seu ipad ou tablet em exposi\u00e7\u00e3o para pesquisa de mercado cadastro check-ins e muito mais e ao mesmo tempo seguro contra furtos e vandalismos.Totem de mesa\u00a0 em acr\u00edlico refor\u00e7ado para iPads e Tables; Hoje usado nas mais variadas aplica\u00e7\u00f5es.<br><br>Deixe seu ipad ou tablet em exposi\u00e7\u00e3o para pesquisa de mercado cadastro check-ins e muito mais e ao mesmo tempo seguro contra furtos e vandalismos.\t\t\t\t\t\t\t\t<\/div>\n\t\t\t\t<\/div>\n\t\t\t\t<div class=\"elementor-element elementor-element-1f76d3b1 elementor-widget elementor-widget-heading\" data-id=\"1f76d3b1\" data-element_type=\"widget\" data-e-type=\"widget\" data-widget_type=\"heading.default\">\n\t\t\t\t<div class=\"elementor-widget-container\">\n\t\t\t\t\t<h2 class=\"elementor-heading-title elementor-size-large\">Totem de Parede ou mesa para tablet<\/h2>\t\t\t\t<\/div>\n\t\t\t\t<\/div>\n\t\t<div class=\"elementor-element elementor-element-4d25da48 e-con-full e-flex e-con e-child\" data-id=\"4d25da48\" data-element_type=\"container\" data-e-type=\"container\">\n\t\t<div class=\"elementor-element elementor-element-7b498c66 e-con-full e-flex e-con e-child\" data-id=\"7b498c66\" data-element_type=\"container\" data-e-type=\"container\">\n\t\t\t\t<div class=\"elementor-element elementor-element-363cbf4d elementor-widget elementor-widget-image\" data-id=\"363cbf4d\" data-element_type=\"widget\" data-e-type=\"widget\" data-widget_type=\"image.default\">\n\t\t\t\t<div class=\"elementor-widget-container\">\n\t\t\t\t\t\t\t\t\t\t\t\t\t\t\t<img decoding=\"async\" width=\"768\" height=\"768\" src=\"https:\/\/www.automacao10.com.br\/blog\/wp-content\/uploads\/2021\/10\/totem-tablet-A7-lite-T225-A10-2-768x768.jpg\" class=\"attachment-medium_large size-medium_large wp-image-5190\" alt=\"\" srcset=\"https:\/\/www.automacao10.com.br\/blog\/wp-content\/uploads\/2021\/10\/totem-tablet-A7-lite-T225-A10-2-768x768.jpg 768w, https:\/\/www.automacao10.com.br\/blog\/wp-content\/uploads\/2021\/10\/totem-tablet-A7-lite-T225-A10-2-300x300.jpg 300w, https:\/\/www.automacao10.com.br\/blog\/wp-content\/uploads\/2021\/10\/totem-tablet-A7-lite-T225-A10-2-150x150.jpg 150w, https:\/\/www.automacao10.com.br\/blog\/wp-content\/uploads\/2021\/10\/totem-tablet-A7-lite-T225-A10-2-600x600.jpg 600w, https:\/\/www.automacao10.com.br\/blog\/wp-content\/uploads\/2021\/10\/totem-tablet-A7-lite-T225-A10-2-100x100.jpg 100w, https:\/\/www.automacao10.com.br\/blog\/wp-content\/uploads\/2021\/10\/totem-tablet-A7-lite-T225-A10-2.jpg 1000w\" sizes=\"(max-width: 768px) 100vw, 768px\" \/>\t\t\t\t\t\t\t\t\t\t\t\t\t\t\t<\/div>\n\t\t\t\t<\/div>\n\t\t\t\t<\/div>\n\t\t<div class=\"elementor-element elementor-element-5cddff06 e-con-full e-flex e-con e-child\" data-id=\"5cddff06\" data-element_type=\"container\" data-e-type=\"container\">\n\t\t\t\t<div class=\"elementor-element elementor-element-3a0aee32 elementor-widget elementor-widget-image\" data-id=\"3a0aee32\" data-element_type=\"widget\" data-e-type=\"widget\" data-widget_type=\"image.default\">\n\t\t\t\t<div class=\"elementor-widget-container\">\n\t\t\t\t\t\t\t\t\t\t\t\t\t\t\t<img decoding=\"async\" width=\"768\" height=\"768\" src=\"https:\/\/www.automacao10.com.br\/blog\/wp-content\/uploads\/2021\/10\/Suporte-tablet-A7-lite-T225-A10-768x768.jpg\" class=\"attachment-medium_large size-medium_large wp-image-5189\" alt=\"\" srcset=\"https:\/\/www.automacao10.com.br\/blog\/wp-content\/uploads\/2021\/10\/Suporte-tablet-A7-lite-T225-A10-768x768.jpg 768w, https:\/\/www.automacao10.com.br\/blog\/wp-content\/uploads\/2021\/10\/Suporte-tablet-A7-lite-T225-A10-300x300.jpg 300w, https:\/\/www.automacao10.com.br\/blog\/wp-content\/uploads\/2021\/10\/Suporte-tablet-A7-lite-T225-A10-150x150.jpg 150w, https:\/\/www.automacao10.com.br\/blog\/wp-content\/uploads\/2021\/10\/Suporte-tablet-A7-lite-T225-A10-600x600.jpg 600w, https:\/\/www.automacao10.com.br\/blog\/wp-content\/uploads\/2021\/10\/Suporte-tablet-A7-lite-T225-A10-100x100.jpg 100w, https:\/\/www.automacao10.com.br\/blog\/wp-content\/uploads\/2021\/10\/Suporte-tablet-A7-lite-T225-A10.jpg 1000w\" sizes=\"(max-width: 768px) 100vw, 768px\" \/>\t\t\t\t\t\t\t\t\t\t\t\t\t\t\t<\/div>\n\t\t\t\t<\/div>\n\t\t\t\t<\/div>\n\t\t\t\t<\/div>\n\t\t\t\t<div class=\"elementor-element elementor-element-30d81991 elementor-widget__width-initial elementor-widget elementor-widget-text-editor\" data-id=\"30d81991\" data-element_type=\"widget\" data-e-type=\"widget\" data-widget_type=\"text-editor.default\">\n\t\t\t\t<div class=\"elementor-widget-container\">\n\t\t\t\t\t\t\t\t\tTotem em acr\u00edlico como se fosse um quadro, sim temos e mais ainda podemos fazer algum espec\u00edfico para sua empresa com sua logomarca, mas claro depende da quantidade.\nTotens e suportes em acr\u00edlico para seu iPad ou tablets n\u00f3s da Lumar Tecnologia temos o que voc\u00ea precisa entre em contato clicando no bot\u00e3o abaixo e ficaremos felizes em atend\u00ea-los.<br><br>\n\n<b>Precisa de algum mais refor\u00e7ado que o acr\u00edlico? Claro que temos em a\u00e7o carbono iremos mostrar abaixo.<\/b>\t\t\t\t\t\t\t\t<\/div>\n\t\t\t\t<\/div>\n\t\t\t\t<div class=\"elementor-element elementor-element-4684a7e7 elementor-widget elementor-widget-heading\" data-id=\"4684a7e7\" data-element_type=\"widget\" data-e-type=\"widget\" data-widget_type=\"heading.default\">\n\t\t\t\t<div class=\"elementor-widget-container\">\n\t\t\t\t\t<h2 class=\"elementor-heading-title elementor-size-large\">Totem para tablet-iPad em a\u00e7o <\/h2>\t\t\t\t<\/div>\n\t\t\t\t<\/div>\n\t\t<div class=\"elementor-element elementor-element-720d8320 e-con-full e-flex e-con e-child\" data-id=\"720d8320\" data-element_type=\"container\" data-e-type=\"container\">\n\t\t\t\t<div class=\"elementor-element elementor-element-2044f4fa elementor-widget elementor-widget-image\" data-id=\"2044f4fa\" data-element_type=\"widget\" data-e-type=\"widget\" data-widget_type=\"image.default\">\n\t\t\t\t<div class=\"elementor-widget-container\">\n\t\t\t\t\t\t\t\t\t\t\t\t\t\t\t<img loading=\"lazy\" decoding=\"async\" width=\"800\" height=\"800\" src=\"https:\/\/www.automacao10.com.br\/blog\/wp-content\/uploads\/2022\/08\/totem-tablet-ipad-mesa-em-aco-MD-02-1024x1024.jpg\" class=\"attachment-large size-large wp-image-7256\" alt=\"\" srcset=\"https:\/\/www.automacao10.com.br\/blog\/wp-content\/uploads\/2022\/08\/totem-tablet-ipad-mesa-em-aco-MD-02-1024x1024.jpg 1024w, https:\/\/www.automacao10.com.br\/blog\/wp-content\/uploads\/2022\/08\/totem-tablet-ipad-mesa-em-aco-MD-02-300x300.jpg 300w, https:\/\/www.automacao10.com.br\/blog\/wp-content\/uploads\/2022\/08\/totem-tablet-ipad-mesa-em-aco-MD-02-150x150.jpg 150w, https:\/\/www.automacao10.com.br\/blog\/wp-content\/uploads\/2022\/08\/totem-tablet-ipad-mesa-em-aco-MD-02-768x768.jpg 768w, https:\/\/www.automacao10.com.br\/blog\/wp-content\/uploads\/2022\/08\/totem-tablet-ipad-mesa-em-aco-MD-02-600x600.jpg 600w, https:\/\/www.automacao10.com.br\/blog\/wp-content\/uploads\/2022\/08\/totem-tablet-ipad-mesa-em-aco-MD-02-100x100.jpg 100w, https:\/\/www.automacao10.com.br\/blog\/wp-content\/uploads\/2022\/08\/totem-tablet-ipad-mesa-em-aco-MD-02.jpg 1200w\" sizes=\"(max-width: 800px) 100vw, 800px\" \/>\t\t\t\t\t\t\t\t\t\t\t\t\t\t\t<\/div>\n\t\t\t\t<\/div>\n\t\t\t\t<div class=\"elementor-element elementor-element-2e388d1b elementor-widget__width-initial elementor-widget elementor-widget-text-editor\" data-id=\"2e388d1b\" data-element_type=\"widget\" data-e-type=\"widget\" data-widget_type=\"text-editor.default\">\n\t\t\t\t<div class=\"elementor-widget-container\">\n\t\t\t\t\t\t\t\t\tTotem para tablet-iPad de parede estilo quadro em a\u00e7o carbono com chave para abertura e libera\u00e7\u00e3o do tablet.\n<br><br>\n<ul>\n \t<li>Estrutura de a\u00e7o carbono.<\/li>\n \t<li>Pintura eletrost\u00e1tica microtexturizada preta ou branca.<\/li>\n \t<li>Pode ser apoiado em mesa ou fixado em parede<\/li>\n \t<li>Tranca com fechadura e chave<\/li>\n \t<li>Passagem para cabo carregador<\/li>\n \t<li>Permite usar o tablet na vertical ou horizontal<\/li>\n \t<li>Com ou sem abertura para c\u00e2mera frontal\u00a0<\/li>\n \t<li>Sob medida para tablet do cliente<\/li>\n<\/ul>\t\t\t\t\t\t\t\t<\/div>\n\t\t\t\t<\/div>\n\t\t\t\t<\/div>\n\t\t<div class=\"elementor-element elementor-element-1d3179e1 e-con-full e-flex e-con e-child\" data-id=\"1d3179e1\" data-element_type=\"container\" data-e-type=\"container\">\n\t\t\t\t<div class=\"elementor-element elementor-element-45985e82 elementor-widget elementor-widget-image\" data-id=\"45985e82\" data-element_type=\"widget\" data-e-type=\"widget\" data-widget_type=\"image.default\">\n\t\t\t\t<div class=\"elementor-widget-container\">\n\t\t\t\t\t\t\t\t\t\t\t\t\t\t\t<img loading=\"lazy\" decoding=\"async\" width=\"800\" height=\"800\" src=\"https:\/\/www.automacao10.com.br\/blog\/wp-content\/uploads\/2022\/08\/totem-tablet-ipad-mesa-em-aco-MD-01-1024x1024.jpg\" class=\"attachment-large size-large wp-image-7266\" alt=\"\" srcset=\"https:\/\/www.automacao10.com.br\/blog\/wp-content\/uploads\/2022\/08\/totem-tablet-ipad-mesa-em-aco-MD-01-1024x1024.jpg 1024w, https:\/\/www.automacao10.com.br\/blog\/wp-content\/uploads\/2022\/08\/totem-tablet-ipad-mesa-em-aco-MD-01-300x300.jpg 300w, https:\/\/www.automacao10.com.br\/blog\/wp-content\/uploads\/2022\/08\/totem-tablet-ipad-mesa-em-aco-MD-01-150x150.jpg 150w, https:\/\/www.automacao10.com.br\/blog\/wp-content\/uploads\/2022\/08\/totem-tablet-ipad-mesa-em-aco-MD-01-768x768.jpg 768w, https:\/\/www.automacao10.com.br\/blog\/wp-content\/uploads\/2022\/08\/totem-tablet-ipad-mesa-em-aco-MD-01-600x600.jpg 600w, https:\/\/www.automacao10.com.br\/blog\/wp-content\/uploads\/2022\/08\/totem-tablet-ipad-mesa-em-aco-MD-01-100x100.jpg 100w, https:\/\/www.automacao10.com.br\/blog\/wp-content\/uploads\/2022\/08\/totem-tablet-ipad-mesa-em-aco-MD-01.jpg 1200w\" sizes=\"(max-width: 800px) 100vw, 800px\" \/>\t\t\t\t\t\t\t\t\t\t\t\t\t\t\t<\/div>\n\t\t\t\t<\/div>\n\t\t\t\t<div class=\"elementor-element elementor-element-29e130fb elementor-widget__width-initial elementor-widget elementor-widget-text-editor\" data-id=\"29e130fb\" data-element_type=\"widget\" data-e-type=\"widget\" data-widget_type=\"text-editor.default\">\n\t\t\t\t<div class=\"elementor-widget-container\">\n\t\t\t\t\t\t\t\t\tTotem para tablet-iPad de mesa com regulagem de \u00e2ngulo em a\u00e7o carbono com chave para abertura e libera\u00e7\u00e3o do tablet.\n<br><br>\n<ul>\n \t<li>Estrutura de a\u00e7o carbono.<\/li>\n \t<li>Pintura eletrost\u00e1tica microtexturizada preta ou branca.<\/li>\n \t<li>Pode ser apoiado em mesa ou fixado em parede<\/li>\n \t<li>Tranca com fechadura e chave<\/li>\n \t<li>Passagem para cabo carregador<\/li>\n \t<li>Permite usar o tablet na vertical ou horizontal<\/li>\n \t<li>Com ou sem abertura para c\u00e2mera frontal\u00a0<\/li>\n \t<li>Sob medida para tablet do cliente<\/li>\n<\/ul>\n<br><br>\n<b>Em a\u00e7o ou em acr\u00edlico a sua escolha para o melhor da sua aplica\u00e7\u00e3o.<\/b>\t\t\t\t\t\t\t\t<\/div>\n\t\t\t\t<\/div>\n\t\t\t\t<\/div>\n\t\t\t\t<div class=\"elementor-element elementor-element-5f3e535c elementor-align-center elementor-widget__width-inherit elementor-widget elementor-widget-button\" data-id=\"5f3e535c\" data-element_type=\"widget\" data-e-type=\"widget\" data-widget_type=\"button.default\">\n\t\t\t\t<div class=\"elementor-widget-container\">\n\t\t\t\t\t\t\t\t\t<div class=\"elementor-button-wrapper\">\n\t\t\t\t\t<a class=\"elementor-button elementor-button-link elementor-size-sm\" href=\"https:\/\/www.automacao10.com.br\/blog\/contato\/\">\n\t\t\t\t\t\t<span class=\"elementor-button-content-wrapper\">\n\t\t\t\t\t\t\t\t\t<span class=\"elementor-button-text\">Fale Conosco<\/span>\n\t\t\t\t\t<\/span>\n\t\t\t\t\t<\/a>\n\t\t\t\t<\/div>\n\t\t\t\t\t\t\t\t<\/div>\n\t\t\t\t<\/div>\n\t\t\t\t<\/div>\n\t\t\t\t\t<\/div>\n\t\t\t\t<\/div>\n\t\t\t\t<\/div>\n\t\t","protected":false},"excerpt":{"rendered":"<p>Totem de mesa\u00a0 em acr\u00edlico refor\u00e7ado para iPads e Tables; Hoje usado nas mais variadas aplica\u00e7\u00f5es. Deixe seu ipad ou tablet em exposi\u00e7\u00e3o para pesquisa de mercado cadastro check-ins e muito mais e ao mesmo tempo seguro contra furtos e vandalismos.Totem de mesa\u00a0 em acr\u00edlico refor\u00e7ado para iPads e Tables; Hoje usado nas mais variadas [&hellip;]<\/p>\n","protected":false},"author":1,"featured_media":10350,"parent":0,"menu_order":0,"comment_status":"closed","ping_status":"closed","template":"elementor_header_footer","meta":{"_uag_custom_page_level_css":"","footnotes":""},"class_list":["post-10344","page","type-page","status-publish","has-post-thumbnail","hentry"],"uagb_featured_image_src":{"full":["https:\/\/www.automacao10.com.br\/blog\/wp-content\/uploads\/2024\/07\/rect1.png",1280,721,false],"thumbnail":["https:\/\/www.automacao10.com.br\/blog\/wp-content\/uploads\/2024\/07\/rect1-150x150.png",150,150,true],"medium":["https:\/\/www.automacao10.com.br\/blog\/wp-content\/uploads\/2024\/07\/rect1-300x169.png",300,169,true],"medium_large":["https:\/\/www.automacao10.com.br\/blog\/wp-content\/uploads\/2024\/07\/rect1-768x433.png",768,433,true],"large":["https:\/\/www.automacao10.com.br\/blog\/wp-content\/uploads\/2024\/07\/rect1-1024x577.png",800,451,true],"1536x1536":["https:\/\/www.automacao10.com.br\/blog\/wp-content\/uploads\/2024\/07\/rect1.png",1280,721,false],"2048x2048":["https:\/\/www.automacao10.com.br\/blog\/wp-content\/uploads\/2024\/07\/rect1.png",1280,721,false]},"uagb_author_info":{"display_name":"lumartec","author_link":"https:\/\/www.automacao10.com.br\/blog\/author\/lumartec\/"},"uagb_comment_info":0,"uagb_excerpt":"Totem de mesa\u00a0 em acr\u00edlico refor\u00e7ado para iPads e Tables; Hoje usado nas mais variadas aplica\u00e7\u00f5es. Deixe seu ipad ou tablet em exposi\u00e7\u00e3o para pesquisa de mercado cadastro check-ins e muito mais e ao mesmo tempo seguro contra furtos e vandalismos.Totem de mesa\u00a0 em acr\u00edlico refor\u00e7ado para iPads e Tables; Hoje usado nas mais variadas&hellip;","_links":{"self":[{"href":"https:\/\/www.automacao10.com.br\/blog\/wp-json\/wp\/v2\/pages\/10344"}],"collection":[{"href":"https:\/\/www.automacao10.com.br\/blog\/wp-json\/wp\/v2\/pages"}],"about":[{"href":"https:\/\/www.automacao10.com.br\/blog\/wp-json\/wp\/v2\/types\/page"}],"author":[{"embeddable":true,"href":"https:\/\/www.automacao10.com.br\/blog\/wp-json\/wp\/v2\/users\/1"}],"replies":[{"embeddable":true,"href":"https:\/\/www.automacao10.com.br\/blog\/wp-json\/wp\/v2\/comments?post=10344"}],"version-history":[{"count":4,"href":"https:\/\/www.automacao10.com.br\/blog\/wp-json\/wp\/v2\/pages\/10344\/revisions"}],"predecessor-version":[{"id":10349,"href":"https:\/\/www.automacao10.com.br\/blog\/wp-json\/wp\/v2\/pages\/10344\/revisions\/10349"}],"wp:featuredmedia":[{"embeddable":true,"href":"https:\/\/www.automacao10.com.br\/blog\/wp-json\/wp\/v2\/media\/10350"}],"wp:attachment":[{"href":"https:\/\/www.automacao10.com.br\/blog\/wp-json\/wp\/v2\/media?parent=10344"}],"curies":[{"name":"wp","href":"https:\/\/api.w.org\/{rel}","templated":true}]}}