{"id":2066,"date":"2020-01-28T14:28:03","date_gmt":"2020-01-28T14:28:03","guid":{"rendered":"https:\/\/www.automacao10.com.br\/blog\/?page_id=2066"},"modified":"2024-10-23T11:44:23","modified_gmt":"2024-10-23T14:44:23","slug":"travas-de-seguranca-para-lgpd","status":"publish","type":"page","link":"https:\/\/www.automacao10.com.br\/blog\/travas-de-seguranca-para-lgpd\/","title":{"rendered":"Travas de seguran\u00e7a para LGPD"},"content":{"rendered":"\t\t<div data-elementor-type=\"wp-page\" data-elementor-id=\"2066\" class=\"elementor elementor-2066\" data-elementor-post-type=\"page\">\n\t\t\t\t\t\t<section class=\"elementor-section elementor-top-section elementor-element elementor-element-1f4fb20 elementor-section-boxed elementor-section-height-default elementor-section-height-default\" data-id=\"1f4fb20\" data-element_type=\"section\" data-e-type=\"section\">\n\t\t\t\t\t\t<div class=\"elementor-container elementor-column-gap-default\">\n\t\t\t\t\t<div class=\"elementor-column elementor-col-100 elementor-top-column elementor-element elementor-element-645b043\" data-id=\"645b043\" data-element_type=\"column\" data-e-type=\"column\">\n\t\t\t<div class=\"elementor-widget-wrap elementor-element-populated\">\n\t\t\t\t\t\t<div class=\"elementor-element elementor-element-00109ef elementor-widget elementor-widget-image\" data-id=\"00109ef\" data-element_type=\"widget\" data-e-type=\"widget\" data-widget_type=\"image.default\">\n\t\t\t\t<div class=\"elementor-widget-container\">\n\t\t\t\t\t\t\t\t\t\t\t\t\t\t\t<img fetchpriority=\"high\" decoding=\"async\" width=\"768\" height=\"548\" src=\"https:\/\/www.automacao10.com.br\/blog\/wp-content\/uploads\/2020\/01\/seguran\u00e7a-fisica-para-dispositivos-moveis-768x548.jpeg\" class=\"attachment-medium_large size-medium_large wp-image-2039\" alt=\"\" srcset=\"https:\/\/www.automacao10.com.br\/blog\/wp-content\/uploads\/2020\/01\/seguran\u00e7a-fisica-para-dispositivos-moveis-768x548.jpeg 768w, https:\/\/www.automacao10.com.br\/blog\/wp-content\/uploads\/2020\/01\/seguran\u00e7a-fisica-para-dispositivos-moveis-600x428.jpeg 600w, https:\/\/www.automacao10.com.br\/blog\/wp-content\/uploads\/2020\/01\/seguran\u00e7a-fisica-para-dispositivos-moveis-300x214.jpeg 300w, https:\/\/www.automacao10.com.br\/blog\/wp-content\/uploads\/2020\/01\/seguran\u00e7a-fisica-para-dispositivos-moveis.jpeg 800w\" sizes=\"(max-width: 768px) 100vw, 768px\" \/>\t\t\t\t\t\t\t\t\t\t\t\t\t\t\t<\/div>\n\t\t\t\t<\/div>\n\t\t\t\t<div class=\"elementor-element elementor-element-3bcfb05 elementor-widget elementor-widget-text-editor\" data-id=\"3bcfb05\" data-element_type=\"widget\" data-e-type=\"widget\" data-widget_type=\"text-editor.default\">\n\t\t\t\t<div class=\"elementor-widget-container\">\n\t\t\t\t\t\t\t\t\t<p><strong><span style=\"font-family: verdana, geneva, sans-serif; color: #808080;\">Travas de Seguran\u00e7a para LGPD<\/span><\/strong><\/p><p><span style=\"font-family: verdana, geneva, sans-serif; color: #808080;\">Com a nova lei LGPD de prota\u00e7\u00e3o de dados a partir de agosto de 2020 todas as empresa devem adotar sistemas de seguran\u00e7a aos seus dados e de seus clientes, devido a isto n\u00e3o podemos esquecer a seguran\u00e7a f\u00edsica dos dispositivos m\u00f3veis e mesmo dos computadores.<br \/>Para facilitar a sua vida e da sua empresa e n\u00e3o onerar seu or\u00e7amento n\u00f3s da Lumar Tecnologia iremos apresentar solu\u00e7\u00f5es de baixo custo para deixar sua empresa segura com rela\u00e7\u00e3o a nova lei de prote\u00e7\u00e3o de dados a LGPD.<\/span><\/p><p><span style=\"font-family: verdana, geneva, sans-serif; color: #808080;\">\u00a0<\/span><\/p>\t\t\t\t\t\t\t\t<\/div>\n\t\t\t\t<\/div>\n\t\t\t\t<div class=\"elementor-element elementor-element-76871b8 elementor-widget elementor-widget-heading\" data-id=\"76871b8\" data-element_type=\"widget\" data-e-type=\"widget\" data-widget_type=\"heading.default\">\n\t\t\t\t<div class=\"elementor-widget-container\">\n\t\t\t\t\t<h2 class=\"elementor-heading-title elementor-size-default\">Direto ao ponto travas de seguran\u00e7a<\/h2>\t\t\t\t<\/div>\n\t\t\t\t<\/div>\n\t\t\t\t<section class=\"elementor-section elementor-inner-section elementor-element elementor-element-46c76d5 elementor-section-boxed elementor-section-height-default elementor-section-height-default\" data-id=\"46c76d5\" data-element_type=\"section\" data-e-type=\"section\">\n\t\t\t\t\t\t<div class=\"elementor-container elementor-column-gap-default\">\n\t\t\t\t\t<div class=\"elementor-column elementor-col-50 elementor-inner-column elementor-element elementor-element-9cc6740\" data-id=\"9cc6740\" data-element_type=\"column\" data-e-type=\"column\">\n\t\t\t<div class=\"elementor-widget-wrap elementor-element-populated\">\n\t\t\t\t\t\t<div class=\"elementor-element elementor-element-06d0e54 elementor-widget elementor-widget-image\" data-id=\"06d0e54\" data-element_type=\"widget\" data-e-type=\"widget\" data-widget_type=\"image.default\">\n\t\t\t\t<div class=\"elementor-widget-container\">\n\t\t\t\t\t\t\t\t\t\t\t\t\t\t\t\t<a href=\"https:\/\/www.automacao10.com.br\/cabos-travas-antifurto\/\" target=\"_blank\">\n\t\t\t\t\t\t\t<img decoding=\"async\" width=\"300\" height=\"300\" src=\"https:\/\/www.automacao10.com.br\/blog\/wp-content\/uploads\/2019\/11\/safedome-trava-de-seguranca-clicksafereg-para-imacreg-21prime-e-27prime-modelos-2010-e-2012_243400-automacao10-300x300.jpg\" class=\"attachment-medium size-medium wp-image-1976\" alt=\"\" srcset=\"https:\/\/www.automacao10.com.br\/blog\/wp-content\/uploads\/2019\/11\/safedome-trava-de-seguranca-clicksafereg-para-imacreg-21prime-e-27prime-modelos-2010-e-2012_243400-automacao10-300x300.jpg 300w, https:\/\/www.automacao10.com.br\/blog\/wp-content\/uploads\/2019\/11\/safedome-trava-de-seguranca-clicksafereg-para-imacreg-21prime-e-27prime-modelos-2010-e-2012_243400-automacao10-100x100.jpg 100w, https:\/\/www.automacao10.com.br\/blog\/wp-content\/uploads\/2019\/11\/safedome-trava-de-seguranca-clicksafereg-para-imacreg-21prime-e-27prime-modelos-2010-e-2012_243400-automacao10-150x150.jpg 150w, https:\/\/www.automacao10.com.br\/blog\/wp-content\/uploads\/2019\/11\/safedome-trava-de-seguranca-clicksafereg-para-imacreg-21prime-e-27prime-modelos-2010-e-2012_243400-automacao10.jpg 450w\" sizes=\"(max-width: 300px) 100vw, 300px\" \/>\t\t\t\t\t\t\t\t<\/a>\n\t\t\t\t\t\t\t\t\t\t\t\t\t\t\t<\/div>\n\t\t\t\t<\/div>\n\t\t\t\t\t<\/div>\n\t\t<\/div>\n\t\t\t\t<div class=\"elementor-column elementor-col-50 elementor-inner-column elementor-element elementor-element-cc42dc2\" data-id=\"cc42dc2\" data-element_type=\"column\" data-e-type=\"column\">\n\t\t\t<div class=\"elementor-widget-wrap elementor-element-populated\">\n\t\t\t\t\t\t<div class=\"elementor-element elementor-element-92d2d98 elementor-widget elementor-widget-image\" data-id=\"92d2d98\" data-element_type=\"widget\" data-e-type=\"widget\" data-widget_type=\"image.default\">\n\t\t\t\t<div class=\"elementor-widget-container\">\n\t\t\t\t\t\t\t\t\t\t\t\t\t\t\t\t<a href=\"https:\/\/www.automacao10.com.br\/cabos-travas-antifurto\/\" target=\"_blank\">\n\t\t\t\t\t\t\t<img decoding=\"async\" width=\"300\" height=\"257\" src=\"https:\/\/www.automacao10.com.br\/blog\/wp-content\/uploads\/2019\/11\/slot-para-cabo-seguranca-ipad-imac-macbook-automacao10-300x257.jpg\" class=\"attachment-medium size-medium wp-image-2021\" alt=\"\" srcset=\"https:\/\/www.automacao10.com.br\/blog\/wp-content\/uploads\/2019\/11\/slot-para-cabo-seguranca-ipad-imac-macbook-automacao10-300x257.jpg 300w, https:\/\/www.automacao10.com.br\/blog\/wp-content\/uploads\/2019\/11\/slot-para-cabo-seguranca-ipad-imac-macbook-automacao10-600x513.jpg 600w, https:\/\/www.automacao10.com.br\/blog\/wp-content\/uploads\/2019\/11\/slot-para-cabo-seguranca-ipad-imac-macbook-automacao10-768x657.jpg 768w, https:\/\/www.automacao10.com.br\/blog\/wp-content\/uploads\/2019\/11\/slot-para-cabo-seguranca-ipad-imac-macbook-automacao10.jpg 981w\" sizes=\"(max-width: 300px) 100vw, 300px\" \/>\t\t\t\t\t\t\t\t<\/a>\n\t\t\t\t\t\t\t\t\t\t\t\t\t\t\t<\/div>\n\t\t\t\t<\/div>\n\t\t\t\t\t<\/div>\n\t\t<\/div>\n\t\t\t\t\t<\/div>\n\t\t<\/section>\n\t\t\t\t<section class=\"elementor-section elementor-inner-section elementor-element elementor-element-09c8e4b elementor-section-boxed elementor-section-height-default elementor-section-height-default\" data-id=\"09c8e4b\" data-element_type=\"section\" data-e-type=\"section\">\n\t\t\t\t\t\t<div class=\"elementor-container elementor-column-gap-default\">\n\t\t\t\t\t<div class=\"elementor-column elementor-col-50 elementor-inner-column elementor-element elementor-element-9254802\" data-id=\"9254802\" data-element_type=\"column\" data-e-type=\"column\">\n\t\t\t<div class=\"elementor-widget-wrap elementor-element-populated\">\n\t\t\t\t\t\t<div class=\"elementor-element elementor-element-b5cccaf elementor-widget elementor-widget-image\" data-id=\"b5cccaf\" data-element_type=\"widget\" data-e-type=\"widget\" data-widget_type=\"image.default\">\n\t\t\t\t<div class=\"elementor-widget-container\">\n\t\t\t\t\t\t\t\t\t\t\t\t\t\t\t\t<a href=\"https:\/\/www.automacao10.com.br\/cabos-travas-antifurto\/\" target=\"_blank\">\n\t\t\t\t\t\t\t<img loading=\"lazy\" decoding=\"async\" width=\"300\" height=\"300\" src=\"https:\/\/www.automacao10.com.br\/blog\/wp-content\/uploads\/2019\/11\/kit-10-pcs-slot-de-seguranca-p-ultrabook-pc-ipad-tablet-D_NQ_NP_739040-MLB28127895630_092018-O-300x300.jpg\" class=\"attachment-medium size-medium wp-image-1961\" alt=\"\" srcset=\"https:\/\/www.automacao10.com.br\/blog\/wp-content\/uploads\/2019\/11\/kit-10-pcs-slot-de-seguranca-p-ultrabook-pc-ipad-tablet-D_NQ_NP_739040-MLB28127895630_092018-O-300x300.jpg 300w, https:\/\/www.automacao10.com.br\/blog\/wp-content\/uploads\/2019\/11\/kit-10-pcs-slot-de-seguranca-p-ultrabook-pc-ipad-tablet-D_NQ_NP_739040-MLB28127895630_092018-O-100x100.jpg 100w, https:\/\/www.automacao10.com.br\/blog\/wp-content\/uploads\/2019\/11\/kit-10-pcs-slot-de-seguranca-p-ultrabook-pc-ipad-tablet-D_NQ_NP_739040-MLB28127895630_092018-O-150x150.jpg 150w, https:\/\/www.automacao10.com.br\/blog\/wp-content\/uploads\/2019\/11\/kit-10-pcs-slot-de-seguranca-p-ultrabook-pc-ipad-tablet-D_NQ_NP_739040-MLB28127895630_092018-O.jpg 500w\" sizes=\"(max-width: 300px) 100vw, 300px\" \/>\t\t\t\t\t\t\t\t<\/a>\n\t\t\t\t\t\t\t\t\t\t\t\t\t\t\t<\/div>\n\t\t\t\t<\/div>\n\t\t\t\t\t<\/div>\n\t\t<\/div>\n\t\t\t\t<div class=\"elementor-column elementor-col-50 elementor-inner-column elementor-element elementor-element-97ad341\" data-id=\"97ad341\" data-element_type=\"column\" data-e-type=\"column\">\n\t\t\t<div class=\"elementor-widget-wrap elementor-element-populated\">\n\t\t\t\t\t\t<div class=\"elementor-element elementor-element-e811a91 elementor-widget elementor-widget-image\" data-id=\"e811a91\" data-element_type=\"widget\" data-e-type=\"widget\" data-widget_type=\"image.default\">\n\t\t\t\t<div class=\"elementor-widget-container\">\n\t\t\t\t\t\t\t\t\t\t\t\t\t\t\t\t<a href=\"https:\/\/www.automacao10.com.br\/cabos-travas-antifurto\/\" target=\"_blank\">\n\t\t\t\t\t\t\t<img loading=\"lazy\" decoding=\"async\" width=\"300\" height=\"252\" src=\"https:\/\/www.automacao10.com.br\/blog\/wp-content\/uploads\/2019\/11\/Kit-Seguran\u00e7a-iPad-suportetrava-antifurto-Beta01-300x252.jpg\" class=\"attachment-medium size-medium wp-image-1950\" alt=\"\" srcset=\"https:\/\/www.automacao10.com.br\/blog\/wp-content\/uploads\/2019\/11\/Kit-Seguran\u00e7a-iPad-suportetrava-antifurto-Beta01-300x252.jpg 300w, https:\/\/www.automacao10.com.br\/blog\/wp-content\/uploads\/2019\/11\/Kit-Seguran\u00e7a-iPad-suportetrava-antifurto-Beta01-600x503.jpg 600w, https:\/\/www.automacao10.com.br\/blog\/wp-content\/uploads\/2019\/11\/Kit-Seguran\u00e7a-iPad-suportetrava-antifurto-Beta01-768x644.jpg 768w, https:\/\/www.automacao10.com.br\/blog\/wp-content\/uploads\/2019\/11\/Kit-Seguran\u00e7a-iPad-suportetrava-antifurto-Beta01-1024x858.jpg 1024w, https:\/\/www.automacao10.com.br\/blog\/wp-content\/uploads\/2019\/11\/Kit-Seguran\u00e7a-iPad-suportetrava-antifurto-Beta01.jpg 1200w\" sizes=\"(max-width: 300px) 100vw, 300px\" \/>\t\t\t\t\t\t\t\t<\/a>\n\t\t\t\t\t\t\t\t\t\t\t\t\t\t\t<\/div>\n\t\t\t\t<\/div>\n\t\t\t\t\t<\/div>\n\t\t<\/div>\n\t\t\t\t\t<\/div>\n\t\t<\/section>\n\t\t\t\t<div class=\"elementor-element elementor-element-5e9b5ab elementor-widget elementor-widget-heading\" data-id=\"5e9b5ab\" data-element_type=\"widget\" data-e-type=\"widget\" data-widget_type=\"heading.default\">\n\t\t\t\t<div class=\"elementor-widget-container\">\n\t\t\t\t\t<h1 class=\"elementor-heading-title elementor-size-large\">Esta travas podem ser aplicadas a todos os dispositivos?<\/h1>\t\t\t\t<\/div>\n\t\t\t\t<\/div>\n\t\t\t\t<section class=\"elementor-section elementor-inner-section elementor-element elementor-element-be5569f elementor-section-boxed elementor-section-height-default elementor-section-height-default\" data-id=\"be5569f\" data-element_type=\"section\" data-e-type=\"section\">\n\t\t\t\t\t\t<div class=\"elementor-container elementor-column-gap-default\">\n\t\t\t\t\t<div class=\"elementor-column elementor-col-33 elementor-inner-column elementor-element elementor-element-6d1ec3e\" data-id=\"6d1ec3e\" data-element_type=\"column\" data-e-type=\"column\">\n\t\t\t<div class=\"elementor-widget-wrap elementor-element-populated\">\n\t\t\t\t\t\t<div class=\"elementor-element elementor-element-5f6d3bf elementor-widget elementor-widget-image\" data-id=\"5f6d3bf\" data-element_type=\"widget\" data-e-type=\"widget\" data-widget_type=\"image.default\">\n\t\t\t\t<div class=\"elementor-widget-container\">\n\t\t\t\t\t\t\t\t\t\t\t\t\t\t\t<img loading=\"lazy\" decoding=\"async\" width=\"800\" height=\"420\" src=\"https:\/\/www.automacao10.com.br\/blog\/wp-content\/uploads\/2019\/06\/protetor-ipad-para-pdv-02-1024x538.png\" class=\"attachment-large size-large wp-image-1871\" alt=\"\" srcset=\"https:\/\/www.automacao10.com.br\/blog\/wp-content\/uploads\/2019\/06\/protetor-ipad-para-pdv-02-1024x538.png 1024w, https:\/\/www.automacao10.com.br\/blog\/wp-content\/uploads\/2019\/06\/protetor-ipad-para-pdv-02-600x315.png 600w, https:\/\/www.automacao10.com.br\/blog\/wp-content\/uploads\/2019\/06\/protetor-ipad-para-pdv-02-300x158.png 300w, https:\/\/www.automacao10.com.br\/blog\/wp-content\/uploads\/2019\/06\/protetor-ipad-para-pdv-02-768x403.png 768w, https:\/\/www.automacao10.com.br\/blog\/wp-content\/uploads\/2019\/06\/protetor-ipad-para-pdv-02.png 1200w\" sizes=\"(max-width: 800px) 100vw, 800px\" \/>\t\t\t\t\t\t\t\t\t\t\t\t\t\t\t<\/div>\n\t\t\t\t<\/div>\n\t\t\t\t\t<\/div>\n\t\t<\/div>\n\t\t\t\t<div class=\"elementor-column elementor-col-66 elementor-inner-column elementor-element elementor-element-822006a\" data-id=\"822006a\" data-element_type=\"column\" data-e-type=\"column\">\n\t\t\t<div class=\"elementor-widget-wrap elementor-element-populated\">\n\t\t\t\t\t\t<div class=\"elementor-element elementor-element-1859f86 elementor-widget elementor-widget-text-editor\" data-id=\"1859f86\" data-element_type=\"widget\" data-e-type=\"widget\" data-widget_type=\"text-editor.default\">\n\t\t\t\t<div class=\"elementor-widget-container\">\n\t\t\t\t\t\t\t\t\t<p><span style=\"font-family: verdana, geneva, sans-serif; color: #808080;\">Estas travas e suportes de seguran\u00e7a podem ser instaladas em todos os dispositivos m\u00f3veis, ou seja n\u00e3o fica nada sem a devida prote\u00e7\u00e3o para lhe garantir o m\u00e1ximo de prote\u00e7\u00e3o f\u00edsica aos seus equipamentos dentro da sua empresa.<br \/>Caso voc\u00ea tenha uma necessidade especifica para um determinado produto entre em contato e podemos desenvolver uma solu\u00e7\u00e3o especifica para suas necessidades.<\/span><\/p>\t\t\t\t\t\t\t\t<\/div>\n\t\t\t\t<\/div>\n\t\t\t\t\t<\/div>\n\t\t<\/div>\n\t\t\t\t\t<\/div>\n\t\t<\/section>\n\t\t\t\t<div class=\"elementor-element elementor-element-390ffec elementor-widget elementor-widget-heading\" data-id=\"390ffec\" data-element_type=\"widget\" data-e-type=\"widget\" data-widget_type=\"heading.default\">\n\t\t\t\t<div class=\"elementor-widget-container\">\n\t\t\t\t\t<h2 class=\"elementor-heading-title elementor-size-default\">Veja aplica\u00e7\u00e3o em um ipad<\/h2>\t\t\t\t<\/div>\n\t\t\t\t<\/div>\n\t\t\t\t<div class=\"elementor-element elementor-element-9a6d608 elementor-widget elementor-widget-video\" data-id=\"9a6d608\" data-element_type=\"widget\" data-e-type=\"widget\" data-settings=\"{&quot;youtube_url&quot;:&quot;https:\\\/\\\/youtu.be\\\/P8pFS_ThcRc&quot;,&quot;video_type&quot;:&quot;youtube&quot;,&quot;controls&quot;:&quot;yes&quot;}\" data-widget_type=\"video.default\">\n\t\t\t\t<div class=\"elementor-widget-container\">\n\t\t\t\t\t\t\t<div class=\"elementor-wrapper elementor-open-inline\">\n\t\t\t<div class=\"elementor-video\"><\/div>\t\t<\/div>\n\t\t\t\t\t\t<\/div>\n\t\t\t\t<\/div>\n\t\t\t\t<div class=\"elementor-element elementor-element-60913fd elementor-widget elementor-widget-heading\" data-id=\"60913fd\" data-element_type=\"widget\" data-e-type=\"widget\" data-widget_type=\"heading.default\">\n\t\t\t\t<div class=\"elementor-widget-container\">\n\t\t\t\t\t<h2 class=\"elementor-heading-title elementor-size-large\">como fa\u00e7o para saber mais e fazer uma or\u00e7amento?<\/h2>\t\t\t\t<\/div>\n\t\t\t\t<\/div>\n\t\t\t\t<div class=\"elementor-element elementor-element-e57fae8 elementor-widget elementor-widget-button\" data-id=\"e57fae8\" data-element_type=\"widget\" data-e-type=\"widget\" data-widget_type=\"button.default\">\n\t\t\t\t<div class=\"elementor-widget-container\">\n\t\t\t\t\t\t\t\t\t<div class=\"elementor-button-wrapper\">\n\t\t\t\t\t<a class=\"elementor-button elementor-button-link elementor-size-md\" href=\"https:\/\/www.automacao10.com.br\/blog\/contato\/\">\n\t\t\t\t\t\t<span class=\"elementor-button-content-wrapper\">\n\t\t\t\t\t\t\t\t\t<span class=\"elementor-button-text\">Fale Conosco<\/span>\n\t\t\t\t\t<\/span>\n\t\t\t\t\t<\/a>\n\t\t\t\t<\/div>\n\t\t\t\t\t\t\t\t<\/div>\n\t\t\t\t<\/div>\n\t\t\t\t\t<\/div>\n\t\t<\/div>\n\t\t\t\t\t<\/div>\n\t\t<\/section>\n\t\t\t\t<\/div>\n\t\t","protected":false},"excerpt":{"rendered":"<p>Travas de Seguran\u00e7a para LGPD Com a nova lei LGPD de prota\u00e7\u00e3o de dados a partir de agosto de 2020 todas as empresa devem adotar sistemas de seguran\u00e7a aos seus dados e de seus clientes, devido a isto n\u00e3o podemos esquecer a seguran\u00e7a f\u00edsica dos dispositivos m\u00f3veis e mesmo dos computadores.Para facilitar a sua vida [&hellip;]<\/p>\n","protected":false},"author":1,"featured_media":0,"parent":0,"menu_order":0,"comment_status":"closed","ping_status":"closed","template":"","meta":{"_uag_custom_page_level_css":"","footnotes":""},"class_list":["post-2066","page","type-page","status-publish","hentry"],"uagb_featured_image_src":{"full":false,"thumbnail":false,"medium":false,"medium_large":false,"large":false,"1536x1536":false,"2048x2048":false},"uagb_author_info":{"display_name":"lumartec","author_link":"https:\/\/www.automacao10.com.br\/blog\/author\/lumartec\/"},"uagb_comment_info":0,"uagb_excerpt":"Travas de Seguran\u00e7a para LGPD Com a nova lei LGPD de prota\u00e7\u00e3o de dados a partir de agosto de 2020 todas as empresa devem adotar sistemas de seguran\u00e7a aos seus dados e de seus clientes, devido a isto n\u00e3o podemos esquecer a seguran\u00e7a f\u00edsica dos dispositivos m\u00f3veis e mesmo dos computadores.Para facilitar a sua vida&hellip;","_links":{"self":[{"href":"https:\/\/www.automacao10.com.br\/blog\/wp-json\/wp\/v2\/pages\/2066"}],"collection":[{"href":"https:\/\/www.automacao10.com.br\/blog\/wp-json\/wp\/v2\/pages"}],"about":[{"href":"https:\/\/www.automacao10.com.br\/blog\/wp-json\/wp\/v2\/types\/page"}],"author":[{"embeddable":true,"href":"https:\/\/www.automacao10.com.br\/blog\/wp-json\/wp\/v2\/users\/1"}],"replies":[{"embeddable":true,"href":"https:\/\/www.automacao10.com.br\/blog\/wp-json\/wp\/v2\/comments?post=2066"}],"version-history":[{"count":26,"href":"https:\/\/www.automacao10.com.br\/blog\/wp-json\/wp\/v2\/pages\/2066\/revisions"}],"predecessor-version":[{"id":12043,"href":"https:\/\/www.automacao10.com.br\/blog\/wp-json\/wp\/v2\/pages\/2066\/revisions\/12043"}],"wp:attachment":[{"href":"https:\/\/www.automacao10.com.br\/blog\/wp-json\/wp\/v2\/media?parent=2066"}],"curies":[{"name":"wp","href":"https:\/\/api.w.org\/{rel}","templated":true}]}}