{"id":4107,"date":"2021-03-30T19:52:40","date_gmt":"2021-03-30T19:52:40","guid":{"rendered":"https:\/\/www.automacao10.com.br\/blog\/?page_id=4107"},"modified":"2021-04-01T12:10:42","modified_gmt":"2021-04-01T12:10:42","slug":"suporte-para-mesa-digitalizadora-articulado","status":"publish","type":"page","link":"https:\/\/www.automacao10.com.br\/blog\/suporte-para-mesa-digitalizadora-articulado\/","title":{"rendered":"Suporte  para mesa digitalizadora articulado"},"content":{"rendered":"\t\t<div data-elementor-type=\"wp-page\" data-elementor-id=\"4107\" class=\"elementor elementor-4107\" data-elementor-post-type=\"page\">\n\t\t\t\t\t\t<section class=\"elementor-section elementor-top-section elementor-element elementor-element-05e19e1 elementor-section-boxed elementor-section-height-default elementor-section-height-default\" data-id=\"05e19e1\" data-element_type=\"section\" data-e-type=\"section\">\n\t\t\t\t\t\t<div class=\"elementor-container elementor-column-gap-default\">\n\t\t\t\t\t<div class=\"elementor-column elementor-col-100 elementor-top-column elementor-element elementor-element-90b4fd4\" data-id=\"90b4fd4\" data-element_type=\"column\" data-e-type=\"column\">\n\t\t\t<div class=\"elementor-widget-wrap elementor-element-populated\">\n\t\t\t\t\t\t<div class=\"elementor-element elementor-element-933a1c0 elementor-widget elementor-widget-image\" data-id=\"933a1c0\" data-element_type=\"widget\" data-e-type=\"widget\" data-widget_type=\"image.default\">\n\t\t\t\t<div class=\"elementor-widget-container\">\n\t\t\t\t\t\t\t\t\t\t\t\t\t\t\t<img fetchpriority=\"high\" decoding=\"async\" width=\"800\" height=\"450\" src=\"https:\/\/www.automacao10.com.br\/blog\/wp-content\/uploads\/2021\/03\/suporte-articulado-mesa-digitalizadora-1024x576.jpg\" class=\"attachment-large size-large wp-image-4109\" alt=\"\" srcset=\"https:\/\/www.automacao10.com.br\/blog\/wp-content\/uploads\/2021\/03\/suporte-articulado-mesa-digitalizadora-1024x576.jpg 1024w, https:\/\/www.automacao10.com.br\/blog\/wp-content\/uploads\/2021\/03\/suporte-articulado-mesa-digitalizadora-300x169.jpg 300w, https:\/\/www.automacao10.com.br\/blog\/wp-content\/uploads\/2021\/03\/suporte-articulado-mesa-digitalizadora-768x432.jpg 768w, https:\/\/www.automacao10.com.br\/blog\/wp-content\/uploads\/2021\/03\/suporte-articulado-mesa-digitalizadora-600x337.jpg 600w, https:\/\/www.automacao10.com.br\/blog\/wp-content\/uploads\/2021\/03\/suporte-articulado-mesa-digitalizadora.jpg 1366w\" sizes=\"(max-width: 800px) 100vw, 800px\" \/>\t\t\t\t\t\t\t\t\t\t\t\t\t\t\t<\/div>\n\t\t\t\t<\/div>\n\t\t\t\t<div class=\"elementor-element elementor-element-8da7260 elementor-widget elementor-widget-text-editor\" data-id=\"8da7260\" data-element_type=\"widget\" data-e-type=\"widget\" data-widget_type=\"text-editor.default\">\n\t\t\t\t<div class=\"elementor-widget-container\">\n\t\t\t\t\t\t\t\t\t<p><br \/><span style=\"font-family: verdana, geneva, sans-serif; color: #333333; font-size: 12pt;\">Como este suporte \u00e9 com pist\u00e3o a g\u00e1s, ajuda e muito em rela\u00e7\u00e3o a melhoria de postura e ergonomia.<\/span><br \/><span style=\"font-family: verdana, geneva, sans-serif; color: #333333; font-size: 12pt;\">Um cliente comprou e como ele \u00e9 desenhista nos relatou que estava com dores nas costas, mas com este produto ele melhorou.<\/span><br \/><span style=\"font-size: 12pt;\"><span style=\"font-family: verdana, geneva, sans-serif; color: #333333;\">O produto era a principio desenvolvido exclusivamente para desenhistas e projetistas, mas atende muito bem \u00e0 estes p\u00fablicos.<br \/><\/span><span style=\"font-family: verdana, geneva, sans-serif; color: #333333;\">Produto de mesa articulado com pist\u00e3o a g\u00e1s gerando conforto e bem estar e ainda ergonomia.<br \/><\/span><\/span><span style=\"font-family: verdana, geneva, sans-serif; color: #333333;\">Atende v\u00e1rios produtos da Wecom, n\u00f3s passe seu modelo para verificarmos a disponibilidade. Mais um lan\u00e7amento da Lumar Tecnologia.<\/span><br \/><br \/><\/p>\t\t\t\t\t\t\t\t<\/div>\n\t\t\t\t<\/div>\n\t\t\t\t<div class=\"elementor-element elementor-element-a31357b elementor-widget elementor-widget-heading\" data-id=\"a31357b\" data-element_type=\"widget\" data-e-type=\"widget\" data-widget_type=\"heading.default\">\n\t\t\t\t<div class=\"elementor-widget-container\">\n\t\t\t\t\t<h2 class=\"elementor-heading-title elementor-size-large\">Suporte articulado para mesa digitalizadora Wecom<\/h2>\t\t\t\t<\/div>\n\t\t\t\t<\/div>\n\t\t\t\t<div class=\"elementor-element elementor-element-946b95e elementor-widget elementor-widget-image\" data-id=\"946b95e\" data-element_type=\"widget\" data-e-type=\"widget\" data-widget_type=\"image.default\">\n\t\t\t\t<div class=\"elementor-widget-container\">\n\t\t\t\t\t\t\t\t\t\t\t\t\t\t\t<img decoding=\"async\" width=\"768\" height=\"768\" src=\"https:\/\/www.automacao10.com.br\/blog\/wp-content\/uploads\/2021\/03\/suporte-mesa-digitalizadora-home-2020-plus-a10-768x768.jpg\" class=\"attachment-medium_large size-medium_large wp-image-4116\" alt=\"\" srcset=\"https:\/\/www.automacao10.com.br\/blog\/wp-content\/uploads\/2021\/03\/suporte-mesa-digitalizadora-home-2020-plus-a10-768x768.jpg 768w, https:\/\/www.automacao10.com.br\/blog\/wp-content\/uploads\/2021\/03\/suporte-mesa-digitalizadora-home-2020-plus-a10-300x300.jpg 300w, https:\/\/www.automacao10.com.br\/blog\/wp-content\/uploads\/2021\/03\/suporte-mesa-digitalizadora-home-2020-plus-a10-150x150.jpg 150w, https:\/\/www.automacao10.com.br\/blog\/wp-content\/uploads\/2021\/03\/suporte-mesa-digitalizadora-home-2020-plus-a10-600x600.jpg 600w, https:\/\/www.automacao10.com.br\/blog\/wp-content\/uploads\/2021\/03\/suporte-mesa-digitalizadora-home-2020-plus-a10-100x100.jpg 100w, https:\/\/www.automacao10.com.br\/blog\/wp-content\/uploads\/2021\/03\/suporte-mesa-digitalizadora-home-2020-plus-a10.jpg 1000w\" sizes=\"(max-width: 768px) 100vw, 768px\" \/>\t\t\t\t\t\t\t\t\t\t\t\t\t\t\t<\/div>\n\t\t\t\t<\/div>\n\t\t\t\t<div class=\"elementor-element elementor-element-6c33544 elementor-widget elementor-widget-text-editor\" data-id=\"6c33544\" data-element_type=\"widget\" data-e-type=\"widget\" data-widget_type=\"text-editor.default\">\n\t\t\t\t<div class=\"elementor-widget-container\">\n\t\t\t\t\t\t\t\t\t<p><span style=\"font-family: verdana, geneva, sans-serif; color: #333333;\">Ergonomia e qualidade de vida para desenhistas, arquitetos e projetistas. Suporte de mesa home2020-Plus da Lumar Tecnologia.<br \/>Preso da mesa com sistema de grampo facilidade de prender e retirada caso queira trocar de lugar.<br \/>Para saber valores e adquirir o seu entre em contato conosco, ficamos a disposi\u00e7\u00e3o.<\/span><\/p>\t\t\t\t\t\t\t\t<\/div>\n\t\t\t\t<\/div>\n\t\t\t\t<div class=\"elementor-element elementor-element-97d2963 elementor-widget elementor-widget-button\" data-id=\"97d2963\" data-element_type=\"widget\" data-e-type=\"widget\" data-widget_type=\"button.default\">\n\t\t\t\t<div class=\"elementor-widget-container\">\n\t\t\t\t\t\t\t\t\t<div class=\"elementor-button-wrapper\">\n\t\t\t\t\t<a class=\"elementor-button elementor-button-link elementor-size-lg\" href=\"https:\/\/www.automacao10.com.br\/fale-conosco\/\">\n\t\t\t\t\t\t<span class=\"elementor-button-content-wrapper\">\n\t\t\t\t\t\t\t\t\t<span class=\"elementor-button-text\">Fale Conosco<\/span>\n\t\t\t\t\t<\/span>\n\t\t\t\t\t<\/a>\n\t\t\t\t<\/div>\n\t\t\t\t\t\t\t\t<\/div>\n\t\t\t\t<\/div>\n\t\t\t\t\t<\/div>\n\t\t<\/div>\n\t\t\t\t\t<\/div>\n\t\t<\/section>\n\t\t\t\t<\/div>\n\t\t","protected":false},"excerpt":{"rendered":"<p>Como este suporte \u00e9 com pist\u00e3o a g\u00e1s, ajuda e muito em rela\u00e7\u00e3o a melhoria de postura e ergonomia. Um cliente comprou e como ele \u00e9 desenhista nos relatou que estava com dores nas costas, mas com este produto ele melhorou. O produto era a principio desenvolvido exclusivamente para desenhistas e projetistas, mas atende muito [&hellip;]<\/p>\n","protected":false},"author":2,"featured_media":0,"parent":0,"menu_order":0,"comment_status":"closed","ping_status":"closed","template":"","meta":{"_uag_custom_page_level_css":"","footnotes":""},"class_list":["post-4107","page","type-page","status-publish","hentry"],"uagb_featured_image_src":{"full":false,"thumbnail":false,"medium":false,"medium_large":false,"large":false,"1536x1536":false,"2048x2048":false},"uagb_author_info":{"display_name":"bruna thaise","author_link":"https:\/\/www.automacao10.com.br\/blog\/author\/brunathaise\/"},"uagb_comment_info":0,"uagb_excerpt":"Como este suporte \u00e9 com pist\u00e3o a g\u00e1s, ajuda e muito em rela\u00e7\u00e3o a melhoria de postura e ergonomia. Um cliente comprou e como ele \u00e9 desenhista nos relatou que estava com dores nas costas, mas com este produto ele melhorou. O produto era a principio desenvolvido exclusivamente para desenhistas e projetistas, mas atende muito&hellip;","_links":{"self":[{"href":"https:\/\/www.automacao10.com.br\/blog\/wp-json\/wp\/v2\/pages\/4107"}],"collection":[{"href":"https:\/\/www.automacao10.com.br\/blog\/wp-json\/wp\/v2\/pages"}],"about":[{"href":"https:\/\/www.automacao10.com.br\/blog\/wp-json\/wp\/v2\/types\/page"}],"author":[{"embeddable":true,"href":"https:\/\/www.automacao10.com.br\/blog\/wp-json\/wp\/v2\/users\/2"}],"replies":[{"embeddable":true,"href":"https:\/\/www.automacao10.com.br\/blog\/wp-json\/wp\/v2\/comments?post=4107"}],"version-history":[{"count":32,"href":"https:\/\/www.automacao10.com.br\/blog\/wp-json\/wp\/v2\/pages\/4107\/revisions"}],"predecessor-version":[{"id":4167,"href":"https:\/\/www.automacao10.com.br\/blog\/wp-json\/wp\/v2\/pages\/4107\/revisions\/4167"}],"wp:attachment":[{"href":"https:\/\/www.automacao10.com.br\/blog\/wp-json\/wp\/v2\/media?parent=4107"}],"curies":[{"name":"wp","href":"https:\/\/api.w.org\/{rel}","templated":true}]}}