{"id":8989,"date":"2022-10-07T14:16:41","date_gmt":"2022-10-07T14:16:41","guid":{"rendered":"https:\/\/www.automacao10.com.br\/blog\/?page_id=8989"},"modified":"2022-10-27T18:29:23","modified_gmt":"2022-10-27T18:29:23","slug":"suporte-de-tablet-para-cadeirante","status":"publish","type":"page","link":"https:\/\/www.automacao10.com.br\/blog\/suporte-de-tablet-para-cadeirante\/","title":{"rendered":"Suporte de tablet para cadeirante"},"content":{"rendered":"\t\t<div data-elementor-type=\"wp-page\" data-elementor-id=\"8989\" class=\"elementor elementor-8989\" data-elementor-post-type=\"page\">\n\t\t\t\t\t\t<section class=\"elementor-section elementor-top-section elementor-element elementor-element-b8b47ff elementor-section-boxed elementor-section-height-default elementor-section-height-default\" data-id=\"b8b47ff\" data-element_type=\"section\" data-e-type=\"section\">\n\t\t\t\t\t\t<div class=\"elementor-container elementor-column-gap-default\">\n\t\t\t\t\t<div class=\"elementor-column elementor-col-100 elementor-top-column elementor-element elementor-element-5b5cbda\" data-id=\"5b5cbda\" data-element_type=\"column\" data-e-type=\"column\">\n\t\t\t<div class=\"elementor-widget-wrap elementor-element-populated\">\n\t\t\t\t\t\t<div class=\"elementor-element elementor-element-13ce328 elementor-widget elementor-widget-image\" data-id=\"13ce328\" data-element_type=\"widget\" data-e-type=\"widget\" data-widget_type=\"image.default\">\n\t\t\t\t<div class=\"elementor-widget-container\">\n\t\t\t\t\t\t\t\t\t\t\t\t\t\t\t<img fetchpriority=\"high\" decoding=\"async\" width=\"800\" height=\"448\" src=\"https:\/\/www.automacao10.com.br\/blog\/wp-content\/uploads\/2022\/10\/suporte-tablet-cadeirante-parede-home-2020-delta.jpg\" class=\"attachment-large size-large wp-image-8993\" alt=\"\" srcset=\"https:\/\/www.automacao10.com.br\/blog\/wp-content\/uploads\/2022\/10\/suporte-tablet-cadeirante-parede-home-2020-delta.jpg 1024w, https:\/\/www.automacao10.com.br\/blog\/wp-content\/uploads\/2022\/10\/suporte-tablet-cadeirante-parede-home-2020-delta-300x168.jpg 300w, https:\/\/www.automacao10.com.br\/blog\/wp-content\/uploads\/2022\/10\/suporte-tablet-cadeirante-parede-home-2020-delta-768x431.jpg 768w, https:\/\/www.automacao10.com.br\/blog\/wp-content\/uploads\/2022\/10\/suporte-tablet-cadeirante-parede-home-2020-delta-600x336.jpg 600w\" sizes=\"(max-width: 800px) 100vw, 800px\" \/>\t\t\t\t\t\t\t\t\t\t\t\t\t\t\t<\/div>\n\t\t\t\t<\/div>\n\t\t\t\t<div class=\"elementor-element elementor-element-e61d118 elementor-widget elementor-widget-text-editor\" data-id=\"e61d118\" data-element_type=\"widget\" data-e-type=\"widget\" data-widget_type=\"text-editor.default\">\n\t\t\t\t<div class=\"elementor-widget-container\">\n\t\t\t\t\t\t\t\t\t<p>Apresentamos ao mercado dois modelos de suportes de tablets para uso de cadeirante e demais com necessidades especiais. Iremos mostrar abaixo dois modelos um de mesa e outro de parede.<\/p>\t\t\t\t\t\t\t\t<\/div>\n\t\t\t\t<\/div>\n\t\t\t\t<div class=\"elementor-element elementor-element-dba9bf5 elementor-widget elementor-widget-heading\" data-id=\"dba9bf5\" data-element_type=\"widget\" data-e-type=\"widget\" data-widget_type=\"heading.default\">\n\t\t\t\t<div class=\"elementor-widget-container\">\n\t\t\t\t\t<h2 class=\"elementor-heading-title elementor-size-default\">Suporte de tablet para cadeirante<\/h2>\t\t\t\t<\/div>\n\t\t\t\t<\/div>\n\t\t\t\t<section class=\"elementor-section elementor-inner-section elementor-element elementor-element-57ca5f1 elementor-section-boxed elementor-section-height-default elementor-section-height-default\" data-id=\"57ca5f1\" data-element_type=\"section\" data-e-type=\"section\">\n\t\t\t\t\t\t<div class=\"elementor-container elementor-column-gap-default\">\n\t\t\t\t\t<div class=\"elementor-column elementor-col-50 elementor-inner-column elementor-element elementor-element-9e44679\" data-id=\"9e44679\" data-element_type=\"column\" data-e-type=\"column\">\n\t\t\t<div class=\"elementor-widget-wrap elementor-element-populated\">\n\t\t\t\t\t\t<div class=\"elementor-element elementor-element-b33a749 elementor-widget elementor-widget-image\" data-id=\"b33a749\" data-element_type=\"widget\" data-e-type=\"widget\" data-widget_type=\"image.default\">\n\t\t\t\t<div class=\"elementor-widget-container\">\n\t\t\t\t\t\t\t\t\t\t\t\t\t\t\t<img decoding=\"async\" width=\"800\" height=\"800\" src=\"https:\/\/www.automacao10.com.br\/blog\/wp-content\/uploads\/2022\/10\/suporte-tablet-cadeirante-de-mesa-home-2020-plus-1024x1024.jpg\" class=\"attachment-large size-large wp-image-9003\" alt=\"\" srcset=\"https:\/\/www.automacao10.com.br\/blog\/wp-content\/uploads\/2022\/10\/suporte-tablet-cadeirante-de-mesa-home-2020-plus-1024x1024.jpg 1024w, https:\/\/www.automacao10.com.br\/blog\/wp-content\/uploads\/2022\/10\/suporte-tablet-cadeirante-de-mesa-home-2020-plus-300x300.jpg 300w, https:\/\/www.automacao10.com.br\/blog\/wp-content\/uploads\/2022\/10\/suporte-tablet-cadeirante-de-mesa-home-2020-plus-150x150.jpg 150w, https:\/\/www.automacao10.com.br\/blog\/wp-content\/uploads\/2022\/10\/suporte-tablet-cadeirante-de-mesa-home-2020-plus-768x768.jpg 768w, https:\/\/www.automacao10.com.br\/blog\/wp-content\/uploads\/2022\/10\/suporte-tablet-cadeirante-de-mesa-home-2020-plus-600x600.jpg 600w, https:\/\/www.automacao10.com.br\/blog\/wp-content\/uploads\/2022\/10\/suporte-tablet-cadeirante-de-mesa-home-2020-plus-100x100.jpg 100w, https:\/\/www.automacao10.com.br\/blog\/wp-content\/uploads\/2022\/10\/suporte-tablet-cadeirante-de-mesa-home-2020-plus.jpg 1200w\" sizes=\"(max-width: 800px) 100vw, 800px\" \/>\t\t\t\t\t\t\t\t\t\t\t\t\t\t\t<\/div>\n\t\t\t\t<\/div>\n\t\t\t\t\t<\/div>\n\t\t<\/div>\n\t\t\t\t<div class=\"elementor-column elementor-col-50 elementor-inner-column elementor-element elementor-element-270ac7c\" data-id=\"270ac7c\" data-element_type=\"column\" data-e-type=\"column\">\n\t\t\t<div class=\"elementor-widget-wrap elementor-element-populated\">\n\t\t\t\t\t\t<div class=\"elementor-element elementor-element-17596b0 elementor-widget elementor-widget-text-editor\" data-id=\"17596b0\" data-element_type=\"widget\" data-e-type=\"widget\" data-widget_type=\"text-editor.default\">\n\t\t\t\t<div class=\"elementor-widget-container\">\n\t\t\t\t\t\t\t\t\t<p><span style=\"font-family: verdana, geneva, sans-serif; font-size: 14pt;\">Aqui apresentamos nosso suporte home-2020-plus de mesa, totalmente articulado para uso em tablet ou iPads. Produto de primeira linha com pist\u00e3o a g\u00e1s para facilitar a posi\u00e7\u00e3o mais confort\u00e1vel para trabalho ou divers\u00e3o com seu tablet.\u00a0<\/span><\/p>\t\t\t\t\t\t\t\t<\/div>\n\t\t\t\t<\/div>\n\t\t\t\t\t<\/div>\n\t\t<\/div>\n\t\t\t\t\t<\/div>\n\t\t<\/section>\n\t\t\t\t<div class=\"elementor-element elementor-element-df60e5d elementor-widget elementor-widget-heading\" data-id=\"df60e5d\" data-element_type=\"widget\" data-e-type=\"widget\" data-widget_type=\"heading.default\">\n\t\t\t\t<div class=\"elementor-widget-container\">\n\t\t\t\t\t<h2 class=\"elementor-heading-title elementor-size-large\">Suporte de tablet para necessidades especiais<\/h2>\t\t\t\t<\/div>\n\t\t\t\t<\/div>\n\t\t\t\t<section class=\"elementor-section elementor-inner-section elementor-element elementor-element-95c9703 elementor-section-boxed elementor-section-height-default elementor-section-height-default\" data-id=\"95c9703\" data-element_type=\"section\" data-e-type=\"section\">\n\t\t\t\t\t\t<div class=\"elementor-container elementor-column-gap-default\">\n\t\t\t\t\t<div class=\"elementor-column elementor-col-50 elementor-inner-column elementor-element elementor-element-46cae49\" data-id=\"46cae49\" data-element_type=\"column\" data-e-type=\"column\">\n\t\t\t<div class=\"elementor-widget-wrap elementor-element-populated\">\n\t\t\t\t\t\t<div class=\"elementor-element elementor-element-0d80b9b elementor-widget elementor-widget-image\" data-id=\"0d80b9b\" data-element_type=\"widget\" data-e-type=\"widget\" data-widget_type=\"image.default\">\n\t\t\t\t<div class=\"elementor-widget-container\">\n\t\t\t\t\t\t\t\t\t\t\t\t\t\t\t<img decoding=\"async\" width=\"800\" height=\"566\" src=\"https:\/\/www.automacao10.com.br\/blog\/wp-content\/uploads\/2022\/10\/Suporte-tablet-cadeirante-2-1024x725.jpg\" class=\"attachment-large size-large wp-image-9013\" alt=\"\" srcset=\"https:\/\/www.automacao10.com.br\/blog\/wp-content\/uploads\/2022\/10\/Suporte-tablet-cadeirante-2-1024x725.jpg 1024w, https:\/\/www.automacao10.com.br\/blog\/wp-content\/uploads\/2022\/10\/Suporte-tablet-cadeirante-2-300x212.jpg 300w, https:\/\/www.automacao10.com.br\/blog\/wp-content\/uploads\/2022\/10\/Suporte-tablet-cadeirante-2-768x544.jpg 768w, https:\/\/www.automacao10.com.br\/blog\/wp-content\/uploads\/2022\/10\/Suporte-tablet-cadeirante-2-1536x1087.jpg 1536w, https:\/\/www.automacao10.com.br\/blog\/wp-content\/uploads\/2022\/10\/Suporte-tablet-cadeirante-2-600x425.jpg 600w, https:\/\/www.automacao10.com.br\/blog\/wp-content\/uploads\/2022\/10\/Suporte-tablet-cadeirante-2.jpg 1926w\" sizes=\"(max-width: 800px) 100vw, 800px\" \/>\t\t\t\t\t\t\t\t\t\t\t\t\t\t\t<\/div>\n\t\t\t\t<\/div>\n\t\t\t\t\t<\/div>\n\t\t<\/div>\n\t\t\t\t<div class=\"elementor-column elementor-col-50 elementor-inner-column elementor-element elementor-element-bca919e\" data-id=\"bca919e\" data-element_type=\"column\" data-e-type=\"column\">\n\t\t\t<div class=\"elementor-widget-wrap elementor-element-populated\">\n\t\t\t\t\t\t<div class=\"elementor-element elementor-element-89c6047 elementor-widget elementor-widget-text-editor\" data-id=\"89c6047\" data-element_type=\"widget\" data-e-type=\"widget\" data-widget_type=\"text-editor.default\">\n\t\t\t\t<div class=\"elementor-widget-container\">\n\t\t\t\t\t\t\t\t\t<p><span style=\"font-family: verdana, geneva, sans-serif; font-size: 14pt;\">Aqui apresentamos nosso suporte home-2020-Delta de parede, totalmente articulado para uso em tablet ou iPads. Produto de primeira linha com pist\u00e3o a g\u00e1s para facilitar a posi\u00e7\u00e3o mais confort\u00e1vel para trabalho ou divers\u00e3o com seu tablet.\u00a0<\/span><\/p>\t\t\t\t\t\t\t\t<\/div>\n\t\t\t\t<\/div>\n\t\t\t\t\t<\/div>\n\t\t<\/div>\n\t\t\t\t\t<\/div>\n\t\t<\/section>\n\t\t\t\t<div class=\"elementor-element elementor-element-ef6ccea elementor-widget elementor-widget-heading\" data-id=\"ef6ccea\" data-element_type=\"widget\" data-e-type=\"widget\" data-widget_type=\"heading.default\">\n\t\t\t\t<div class=\"elementor-widget-container\">\n\t\t\t\t\t<h2 class=\"elementor-heading-title elementor-size-large\">Suporte de tablet para cadeira de rodas<\/h2>\t\t\t\t<\/div>\n\t\t\t\t<\/div>\n\t\t\t\t<div class=\"elementor-element elementor-element-edaf432 elementor-widget elementor-widget-video\" data-id=\"edaf432\" data-element_type=\"widget\" data-e-type=\"widget\" data-settings=\"{&quot;youtube_url&quot;:&quot;https:\\\/\\\/youtu.be\\\/FOErawPbSgU&quot;,&quot;video_type&quot;:&quot;youtube&quot;,&quot;controls&quot;:&quot;yes&quot;}\" data-widget_type=\"video.default\">\n\t\t\t\t<div class=\"elementor-widget-container\">\n\t\t\t\t\t\t\t<div class=\"elementor-wrapper elementor-open-inline\">\n\t\t\t<div class=\"elementor-video\"><\/div>\t\t<\/div>\n\t\t\t\t\t\t<\/div>\n\t\t\t\t<\/div>\n\t\t\t\t<section class=\"elementor-section elementor-inner-section elementor-element elementor-element-e9a885d elementor-section-boxed elementor-section-height-default elementor-section-height-default\" data-id=\"e9a885d\" data-element_type=\"section\" data-e-type=\"section\">\n\t\t\t\t\t\t<div class=\"elementor-container elementor-column-gap-default\">\n\t\t\t\t\t<div class=\"elementor-column elementor-col-50 elementor-inner-column elementor-element elementor-element-bcc1d3e\" data-id=\"bcc1d3e\" data-element_type=\"column\" data-e-type=\"column\">\n\t\t\t<div class=\"elementor-widget-wrap elementor-element-populated\">\n\t\t\t\t\t\t<div class=\"elementor-element elementor-element-9254dd8 elementor-widget elementor-widget-image\" data-id=\"9254dd8\" data-element_type=\"widget\" data-e-type=\"widget\" data-widget_type=\"image.default\">\n\t\t\t\t<div class=\"elementor-widget-container\">\n\t\t\t\t\t\t\t\t\t\t\t\t\t\t\t\t<a href=\"https:\/\/www.smartloja.com\/suporte-de-tablet-ipad-para-cadeira-de-rodas\/\" target=\"_blank\" rel=\"noopener\">\n\t\t\t\t\t\t\t<img loading=\"lazy\" decoding=\"async\" width=\"800\" height=\"800\" src=\"https:\/\/www.automacao10.com.br\/blog\/wp-content\/uploads\/2022\/10\/Suporte-iPad-cadeira-rodas-clamp-smartloja-3-1024x1024.jpg\" class=\"attachment-large size-large wp-image-9112\" alt=\"\" srcset=\"https:\/\/www.automacao10.com.br\/blog\/wp-content\/uploads\/2022\/10\/Suporte-iPad-cadeira-rodas-clamp-smartloja-3-1024x1024.jpg 1024w, https:\/\/www.automacao10.com.br\/blog\/wp-content\/uploads\/2022\/10\/Suporte-iPad-cadeira-rodas-clamp-smartloja-3-300x300.jpg 300w, https:\/\/www.automacao10.com.br\/blog\/wp-content\/uploads\/2022\/10\/Suporte-iPad-cadeira-rodas-clamp-smartloja-3-150x150.jpg 150w, https:\/\/www.automacao10.com.br\/blog\/wp-content\/uploads\/2022\/10\/Suporte-iPad-cadeira-rodas-clamp-smartloja-3-768x768.jpg 768w, https:\/\/www.automacao10.com.br\/blog\/wp-content\/uploads\/2022\/10\/Suporte-iPad-cadeira-rodas-clamp-smartloja-3-600x600.jpg 600w, https:\/\/www.automacao10.com.br\/blog\/wp-content\/uploads\/2022\/10\/Suporte-iPad-cadeira-rodas-clamp-smartloja-3-100x100.jpg 100w, https:\/\/www.automacao10.com.br\/blog\/wp-content\/uploads\/2022\/10\/Suporte-iPad-cadeira-rodas-clamp-smartloja-3.jpg 1200w\" sizes=\"(max-width: 800px) 100vw, 800px\" \/>\t\t\t\t\t\t\t\t<\/a>\n\t\t\t\t\t\t\t\t\t\t\t\t\t\t\t<\/div>\n\t\t\t\t<\/div>\n\t\t\t\t\t<\/div>\n\t\t<\/div>\n\t\t\t\t<div class=\"elementor-column elementor-col-50 elementor-inner-column elementor-element elementor-element-95e8317\" data-id=\"95e8317\" data-element_type=\"column\" data-e-type=\"column\">\n\t\t\t<div class=\"elementor-widget-wrap elementor-element-populated\">\n\t\t\t\t\t\t<div class=\"elementor-element elementor-element-4e91209 elementor-widget elementor-widget-text-editor\" data-id=\"4e91209\" data-element_type=\"widget\" data-e-type=\"widget\" data-widget_type=\"text-editor.default\">\n\t\t\t\t<div class=\"elementor-widget-container\">\n\t\t\t\t\t\t\t\t\t<p><span style=\"font-family: verdana, geneva, sans-serif; font-size: 14pt;\">Aqui apresentamos nosso suporte CR-01 para iPad ou tablet para aplica\u00e7\u00e3o direta em cadeira de rodas totalmente ajust\u00e1vel\u00a0 para uso em tablet ou iPads. Produto de primeira linha com pist\u00e3o a g\u00e1s para facilitar a posi\u00e7\u00e3o mais confort\u00e1vel para trabalho ou divers\u00e3o com seu tablet.\u00a0<br \/>Produto sob encomenda.\u00a0<\/span><\/p>\t\t\t\t\t\t\t\t<\/div>\n\t\t\t\t<\/div>\n\t\t\t\t\t<\/div>\n\t\t<\/div>\n\t\t\t\t\t<\/div>\n\t\t<\/section>\n\t\t\t\t<div class=\"elementor-element elementor-element-48e2a66 elementor-widget elementor-widget-text-editor\" data-id=\"48e2a66\" data-element_type=\"widget\" data-e-type=\"widget\" data-widget_type=\"text-editor.default\">\n\t\t\t\t<div class=\"elementor-widget-container\">\n\t\t\t\t\t\t\t\t\t<p><strong><span style=\"font-family: verdana, geneva, sans-serif; font-size: 14pt;\">Estes suportes s\u00e3o para modelos de tablets espec\u00edfico, geralmente atendemos modelos da Samsung e da Apple. Entre em contato e veja se seu modelo \u00e9 compat\u00edvel, ficaremos gratos em poder atende-los.\u00a0<\/span><\/strong><\/p>\t\t\t\t\t\t\t\t<\/div>\n\t\t\t\t<\/div>\n\t\t\t\t<div class=\"elementor-element elementor-element-0af34ab elementor-align-center elementor-widget elementor-widget-button\" data-id=\"0af34ab\" data-element_type=\"widget\" data-e-type=\"widget\" data-widget_type=\"button.default\">\n\t\t\t\t<div class=\"elementor-widget-container\">\n\t\t\t\t\t\t\t\t\t<div class=\"elementor-button-wrapper\">\n\t\t\t\t\t<a class=\"elementor-button elementor-button-link elementor-size-sm\" href=\"https:\/\/www.automacao10.com.br\/blog\/contato\/\">\n\t\t\t\t\t\t<span class=\"elementor-button-content-wrapper\">\n\t\t\t\t\t\t\t\t\t<span class=\"elementor-button-text\">Fale Conosco<\/span>\n\t\t\t\t\t<\/span>\n\t\t\t\t\t<\/a>\n\t\t\t\t<\/div>\n\t\t\t\t\t\t\t\t<\/div>\n\t\t\t\t<\/div>\n\t\t\t\t\t<\/div>\n\t\t<\/div>\n\t\t\t\t\t<\/div>\n\t\t<\/section>\n\t\t\t\t<\/div>\n\t\t","protected":false},"excerpt":{"rendered":"<p>Apresentamos ao mercado dois modelos de suportes de tablets para uso de cadeirante e demais com necessidades especiais. Iremos mostrar abaixo dois modelos um de mesa e outro de parede. Suporte de tablet para cadeirante Aqui apresentamos nosso suporte home-2020-plus de mesa, totalmente articulado para uso em tablet ou iPads. Produto de primeira linha com [&hellip;]<\/p>\n","protected":false},"author":1,"featured_media":10350,"parent":0,"menu_order":0,"comment_status":"closed","ping_status":"closed","template":"","meta":{"_uag_custom_page_level_css":"","footnotes":""},"class_list":["post-8989","page","type-page","status-publish","has-post-thumbnail","hentry"],"uagb_featured_image_src":{"full":["https:\/\/www.automacao10.com.br\/blog\/wp-content\/uploads\/2024\/07\/rect1.png",1280,721,false],"thumbnail":["https:\/\/www.automacao10.com.br\/blog\/wp-content\/uploads\/2024\/07\/rect1-150x150.png",150,150,true],"medium":["https:\/\/www.automacao10.com.br\/blog\/wp-content\/uploads\/2024\/07\/rect1-300x169.png",300,169,true],"medium_large":["https:\/\/www.automacao10.com.br\/blog\/wp-content\/uploads\/2024\/07\/rect1-768x433.png",768,433,true],"large":["https:\/\/www.automacao10.com.br\/blog\/wp-content\/uploads\/2024\/07\/rect1-1024x577.png",800,451,true],"1536x1536":["https:\/\/www.automacao10.com.br\/blog\/wp-content\/uploads\/2024\/07\/rect1.png",1280,721,false],"2048x2048":["https:\/\/www.automacao10.com.br\/blog\/wp-content\/uploads\/2024\/07\/rect1.png",1280,721,false]},"uagb_author_info":{"display_name":"lumartec","author_link":"https:\/\/www.automacao10.com.br\/blog\/author\/lumartec\/"},"uagb_comment_info":0,"uagb_excerpt":"Apresentamos ao mercado dois modelos de suportes de tablets para uso de cadeirante e demais com necessidades especiais. Iremos mostrar abaixo dois modelos um de mesa e outro de parede. Suporte de tablet para cadeirante Aqui apresentamos nosso suporte home-2020-plus de mesa, totalmente articulado para uso em tablet ou iPads. Produto de primeira linha com&hellip;","_links":{"self":[{"href":"https:\/\/www.automacao10.com.br\/blog\/wp-json\/wp\/v2\/pages\/8989"}],"collection":[{"href":"https:\/\/www.automacao10.com.br\/blog\/wp-json\/wp\/v2\/pages"}],"about":[{"href":"https:\/\/www.automacao10.com.br\/blog\/wp-json\/wp\/v2\/types\/page"}],"author":[{"embeddable":true,"href":"https:\/\/www.automacao10.com.br\/blog\/wp-json\/wp\/v2\/users\/1"}],"replies":[{"embeddable":true,"href":"https:\/\/www.automacao10.com.br\/blog\/wp-json\/wp\/v2\/comments?post=8989"}],"version-history":[{"count":55,"href":"https:\/\/www.automacao10.com.br\/blog\/wp-json\/wp\/v2\/pages\/8989\/revisions"}],"predecessor-version":[{"id":9124,"href":"https:\/\/www.automacao10.com.br\/blog\/wp-json\/wp\/v2\/pages\/8989\/revisions\/9124"}],"wp:featuredmedia":[{"embeddable":true,"href":"https:\/\/www.automacao10.com.br\/blog\/wp-json\/wp\/v2\/media\/10350"}],"wp:attachment":[{"href":"https:\/\/www.automacao10.com.br\/blog\/wp-json\/wp\/v2\/media?parent=8989"}],"curies":[{"name":"wp","href":"https:\/\/api.w.org\/{rel}","templated":true}]}}